 4*m**3/3 - 7*m**2/2 - 5*m - 3. Let w be k(-5). What is the greatest common divisor of w and 11?
11
Suppose -j - 3*a - 6 = 0, 4 = -0*j - j - a. Let f be (-12)/(-2) + j + 2. What is the highest common divisor of 5 and f?
5
Suppose -5*t = -8*t - 4*d + 33, -3 = -d. What is the greatest common divisor of t and 21?
7
Let f be (-116)/(-10) - 2/(-5). What is the greatest common divisor of f and 3?
3
Let j be 358/14 + (-9)/(-21). What is the greatest common divisor of j and 13?
13
Suppose -1 = -x + 12. What is the highest common factor of 26 and x?
13
Let u(v) = -2*v**3 - 2*v**2 - 3*v - 2. Let d be u(-2). Suppose 6*r - d = 2*r. Let j be (0 - -1) + (r - 1). Calculate the highest common divisor of j and 2.
1
Let o = 2 + -4. Let u be (-36)/(-8) + o/(-4). Let b = 25 - -10. What is the highest common divisor of b and u?
5
Let i(t) = t**3 + 6*t**2 - 6*t - 12. Let k be i(-6). Calculate the highest common factor of 60 and k.
12
Let t be 1 + 5*(-1 + 2). Suppose i + 5*h - t = -0*i, 0 = -4*h - 12. What is the greatest common divisor of 7 and i?
7
Suppose 4*v + 80 = -3*w - v, -44 = 2*w + v. Let i = w - -22. Calculate the greatest common divisor of i and 2.
2
Suppose 0 = -5*t + 35. Suppose 0 = 9*r - 334 + 19. Calculate the greatest common divisor of r and t.
7
Let d be 1/((-3)/63*-3). Let y be 274/8 + 12/16. Calculate the highest common divisor of y and d.
7
Let g be 47/7 + (-34)/(-119). What is the highest common factor of 7 and g?
7
Suppose 2*t = -0*t - 12. Let v(s) = -s - 1. Let k be v(t). Suppose -h - c + 88 = 0, -3*h + 181 + 83 = -k*c. Calculate the highest common factor of h and 8.
8
Let k(d) = -d + 10. Let r be k(0). Let t be 122/3 - 10/15. What is the greatest common factor of t and r?
10
Suppose 5*c - 3 = 4*c. Suppose m = -c*t - 2*m + 126, -150 = -3*t + 5*m. What is the highest common divisor of t and 18?
9
Suppose -5*u + 5*w - 37 = -12, 4*u - 5*w + 20 = 0. Let g = 67 - u. What is the greatest common factor of g and 48?
24
Suppose 0 + 20 = 4*h. Suppose -7*b = -2*b + 10, -h*b - 8 = g. Suppose q = -5*w + 45, 5*w - g*w - 5*q + 1 = 0. Calculate the greatest common factor of 64 and w.
8
Let d(g) = 2*g**3 - 5*g**2 + g - 6. Let o be d(5). Suppose 0*j + 4*j - 104 = -s, s - j = o. What is the greatest common factor of 15 and s?
15
Suppose 360 = 7*m - 4*m. What is the greatest common factor of 15 and m?
15
Let c be (-2)/8 - (-17)/4. Suppose -c*x - 86 = -2*b + x, -3*b - 3*x + 87 = 0. What is the greatest common divisor of b and 11?
11
Let c be ((-3)/(-9))/(8/24). Calculate the highest common factor of c and 3.
1
Suppose 3*l + 0*l = 36. Suppose -3*f = 3 + 12. Let b be ((-14)/4)/(f/120). Calculate the greatest common factor of l and b.
12
Let s be ((-18)/15)/((-2)/5). Calculate the highest common divisor of s and 21.
3
Let i(o) = 57*o**3 - 2*o**2 + 1. Let k be i(1). What is the highest common factor of 140 and k?
28
Suppose -28 = -3*m + 2*m + 5*i, m - 34 = -i. What is the highest common divisor of m and 22?
11
Let t be 8/5*(-100)/(-8). Suppose -5*p + t = -p. Suppose p*z = -0*z + 30. What is the highest common divisor of 9 and z?
3
Let z = -40 - -60. Suppose 0*h - 2 = -h. Suppose h*a - 1 = m + 3, -5*m = 2*a - 28. What is the highest common divisor of z and a?
4
Let n be (-1)/(-3)*15*4. What is the highest common divisor of n and 50?
10
Suppose 3*r - 27 = 6. Let u(z) = z**2 + 10*z - 8. Let l be u(6). Calculate the greatest common factor of r and l.
11
Let u(k) = -k**3 - 10*k**2 + 5*k + 15. Let s be u(-11). Suppose -3*h - 2*h = -45. What is the greatest common divisor of h and s?
9
Let f be (-50)/15*18/(-4) + -1. Calculate the highest common factor of 49 and f.
7
Let n be (-2 - (-2 + 0))/(-2). Suppose n*u - 4*u + 4*s + 44 = 0, -2*s + 22 = 2*u. What is the highest common factor of u and 44?
11
Let p(s) = s**2 - 4*s - 15. Let k be p(-5). Suppose 2*n = 2*t - 18, -4 = -2*n - 10. What is the greatest common factor of t and k?
6
Let w(g) = -g**3 + 3*g**2 + 2*g - 3. Let t be w(2). Calculate the highest common factor of 45 and t.
5
Let i = 16 - 5. Let h(k) = 2*k**3 + k**2 + 2*k + 1. Let f be h(-1). Let s be f/9 - (-400)/18. Calculate the greatest common divisor of s and i.
11
Let g(m) = -4*m - 14. Let z be g(-9). What is the highest common divisor of z and 2?
2
Let h(z) = -47*z**3 - 3*z - 2. Let w be h(-1). Let a be 2 - (-28 + -2)*1. What is the highest common factor of w and a?
16
Suppose 3*n - n - 6 = 2*h, -2*h - 3*n = -19. What is the greatest common factor of h and 16?
2
Suppose 4*h + 4 - 32 = 0. Suppose 3*t + h = 2*t - 3*l, t - 13 = l. Let n = 160 - 88. Calculate the highest common factor of n and t.
8
Let s(h) = h**2 + 6*h - 4. Suppose 2*y = -0*y - p - 19, 3*y = 2*p - 32. Let b be s(y). Calculate the greatest common divisor of b and 18.
18
Suppose 33 = 4*l - 19. What is the greatest common factor of l and 143?
13
Let v be (-58)/(-18) - (-2)/(-9). Let a be 35 - (-1 - -2 - -1). Suppose -d + 0*k - 5*k = -a, -2*d + 66 = -3*k. What is the greatest common factor of d and v?
3
Suppose 0 = 5*v - 4*p + 13, 3*v + 3*p = -2 + 5. Let a be 34 - -1*2*v. Let m = a + -23. What is the greatest common factor of 99 and m?
9
Let o(g) be the third derivative of -g**5/60 + 3*g**4/8 + 4*g**3/3 + 2*g**2. Let h be o(7). Calculate the highest common divisor of h and 88.
22
Suppose -5*k + 5*a = -65, 2*k + 1 = -3*a + 2. Let h(t) = -t**3 + 9*t**2 + 6*t - 2. Let p be h(k). Calculate the greatest common divisor of p and 10.
10
Suppose 4*h - h = -5*l - 98, -5*h = -2*l + 122. Let y be -2*h*3/12. Calculate the greatest common factor of 117 and y.
13
Let i(f) = -f**3 - 7*f**2 + f + 3. Let u be i(-7). Let r = u + 34. What is the greatest common divisor of r and 75?
15
Let i(x) = -218*x**3 + x**2 + 2*x + 2. Let k be i(-1). Let f be 0 + (-2)/(4/(-198)). Let b = k - f. What is the greatest common divisor of b and 15?
15
Suppose 4*u - 10 = 3*u. Let v(i) = i**3 - 9*i**2 - 10*i + 9. Let c be v(u). Calculate the greatest common divisor of c and 6.
3
Suppose -5*n - 5*y - 5 = 0, -6*n = -n + 4*y + 4. Let h be (0 - (1 - 2))*3. Let z = h + n. What is the greatest common factor of z and 3?
3
Suppose 2*z - 7*z = 0. Suppose 15 = 4*f + f, 4*h - 2*f - 394 = z. What is the greatest common divisor of 40 and h?
20
Let f = -31 + -9. Let v = -19 - f. Let x be 4/2 - (0 + -12). What is the greatest common factor of x and v?
7
Let x be 2/(-8) + 180/16. Suppose -5*z + g = 2*g - 331, -z - 3*g + 69 = 0. What is the greatest common divisor of x and z?
11
Let j(l) be the first derivative of 2*l**3/3 - 3*l - 2. Let h be j(-3). What is the greatest common factor of h and 60?
15
Let y be ((-143)/13)/((-2)/4). Calculate the highest common factor of 33 and y.
11
Let g(p) = 27*p - 9. Let y be g(5). What is the highest common factor of 14 and y?
14
Let q(l) be the third derivative of -5*l**4/24 + l**3/2 - 3*l**2. Let i be q(-5). What is the highest common divisor of 4 and i?
4
Let b be -6*(2 + 44/(-8)). Let k = 34 - b. What is the greatest common divisor of k and 104?
13
Suppose m + m - 10 = 0. Suppose 4 + m = 3*n. Suppose 0 = -k - 5*h + 10 + 8, h + 22 = n*k. What is the highest common divisor of k and 2?
2
Let l(x) = 5*x - 4. Let t be l(3). Suppose -6*c = -t*c + 10. What is the greatest common divisor of 5 and c?
1
Let f = 15 + -2. What is the greatest common factor of 52 and f?
13
Let i(w) = -4*w - 16. Suppose -3*f = -6*f - 30. Let j be i(f). What is the highest common divisor of j and 6?
6
Let z(p) = -7*p**2 - p - 7. Let k be (-2)/2 - (4 + 1). Let y be z(k). Let n = -100 - y. What is the greatest common factor of 17 and n?
17
Suppose 0*i - i + 10 = 0. Let y = 52 + -12. What is the highest common factor of i and y?
10
Let p(t) = -2*t - 7. Suppose 9 = -r - i, r = -r - 3*i - 22. Let h be p(r). What is the highest common factor of h and 2?
1
Let c be -3 + 2 - (-77)/7. Calculate the highest common divisor of c and 130.
10
Let f = -41 - -57. What is the highest common factor of 16 and f?
16
Let y = -31 - -33. Calculate the highest common factor of 20 and y.
2
Let j be (-4)/18 - 7/9. Let h be (20/(-12))/(j/12). Suppose 110 = 5*o + h. What is the greatest common factor of 198 and o?
18
Suppose -3 = -m, -2*t + 5*t - 21 = 3*m. What is the highest common factor of t and 60?
10
Suppose -4*j + 4*a = -1861 - 3811, 0 = 3*j - 5*a - 4262. Suppose 3*v + 5